t of g/(-5) + (-126)/(-10)?
2
Let i(z) = z**2 + z - 16. Let w be i(-7). Let s = w - 9. What is the tens digit of s?
1
Suppose 2*g + 3 + 11 = 0. Let y(q) = -q**3 - 5*q**2 + 7*q - 17. What is the units digit of y(g)?
2
Let c = -5 - -7. Let i = c - 1. What is the units digit of i?
1
What is the units digit of -2*2/(2 - 0) - -296?
4
Let s be (-5 + 8)*4/6. Suppose s*o = -5*x + 21, 7*o = -2*x + 2*o. What is the units digit of x?
5
Let q = 17 - 12. Suppose 32 = -o + q*o. What is the units digit of o?
8
What is the tens digit of (-40)/12*(-11)/(11/6)?
2
Suppose -y - 2 + 4 = 0. What is the units digit of y*-2*(-1)/2?
2
Suppose 3*x + 14 = 5*x. Suppose -n + 25 = -x. What is the units digit of n?
2
Let o(m) = m**3 - 10*m**2 + 2*m - 5. What is the units digit of o(10)?
5
Suppose 0 = -5*t + 5 + 10. Suppose 4*l + t = 67. What is the tens digit of l?
1
Suppose -2*z = -0*z - 134. What is the tens digit of z?
6
Suppose -i - 2*d - 22 = 0, -5*i + 4*d - 18 - 50 = 0. Let s = 35 + i. What is the tens digit of s?
1
Let c(g) = g**3 - 2*g - 1. Let f be c(-1). Let u be (7/2)/(1/2). Let k = f + u. What is the units digit of k?
7
Let z = 11 - 9. Let v be (3/(-5))/(5/(-25)). Suppose -3*b = -z*t - 2, -v*t - 2 = -6*b + 2*b. What is the units digit of t?
2
Suppose -3*u = -3*i + 327, -4*i + u = -0*u - 442. Suppose -2*p + 39 + 29 = 2*f, -i = -4*p + f. What is the units digit of p?
9
Let m(r) = -r**3 - 2*r**2 + 1. What is the units digit of m(-2)?
1
Suppose -2 = w - 11. Suppose -3*a = 2*f + 1 - 0, -a = -4*f - w. What is the units digit of a?
1
Suppose 5*t - 86 = 2*d, -3*d + 0*d + 24 = t. What is the units digit of t?
8
Let m(g) = 0*g - g + 7*g + 17 - 3*g. What is the units digit of m(8)?
1
Let l(r) = 7*r - 7*r**2 + 8*r**2 - 9*r**2 - r**3 + 5. What is the units digit of l(-9)?
3
Let a(l) = l**3 - 10*l**2 + 11*l - 10. Let u(j) = 2*j**3 - 20*j**2 + 21*j - 20. Let q(v) = 5*a(v) - 3*u(v). What is the units digit of q(9)?
9
What is the units digit of -36*(0/(-4) - 1)?
6
Suppose -108 = 4*j - 2*t, j - t + 17 = -12. Let s = 3 + -20. Let f = s - j. What is the units digit of f?
8
Let q(j) = -2*j**2 + 10*j - 9. What is the units digit of q(3)?
3
Let l = 7 - 31. What is the units digit of 1 - (l/2 + 0)?
3
Let w(s) = -s**3 - 3*s**2 + 2*s - 5. Let n be w(-4). Suppose -n = -2*t - 11. Let r(u) = u**3 + 3*u**2 - 6*u - 4. What is the units digit of r(t)?
4
Suppose -2*h = -4 - 6. Suppose a + 3*a - h*i = 215, 0 = -5*a - 4*i + 238. What is the tens digit of a?
5
Let z = -1 + 1. Let w(x) be the third derivative of -x**5/60 - x**4/24 + x**3/6 - 6*x**2. What is the units digit of w(z)?
1
Suppose 0 = -3*j + 35 + 121. What is the units digit of j?
2
Let f = -5 + 13. Suppose 3*w - f = 4*n, 5*n = -13 + 3. Suppose 0*j + 2*j - 18 = w. What is the units digit of j?
9
Suppose -3*j - 26 = 4*r, -33 - 7 = 5*j + 5*r. Let z be (5 + j)*(0 + 0). Suppose 3*f - 3 = z, 1 = a - 2*f + 2. What is the units digit of a?
1
Let l(i) = -10*i + 1 + 0*i**2 + 11*i + 3*i**3 - 2*i**2. What is the tens digit of l(2)?
1
Let t = 12 - 8. Let b be 10/2*t/(-5). What is the units digit of 1*b/((-4)/5)?
5
Suppose -5*z - 660 = -4*u, 589 = 3*u - z + 105. What is the hundreds digit of u?
1
Let q(t) = t**3 - 10*t**2 - 7*t. What is the units digit of q(11)?
4
Let s = 35 - -59. What is the units digit of s?
4
Let v(h) = -h**2 - 9*h + 13. Let i be v(-10). What is the units digit of (i/(-2))/(1/(-2))?
3
Let h(z) = -12*z - 15. Let d be h(-13). Suppose -14 = -5*k + d. What is the units digit of k?
1
Suppose -16 - 140 = -4*a. What is the units digit of a?
9
Suppose -5*c = 3*a - 77, a + 4*a - 5*c - 155 = 0. What is the tens digit of a?
2
Let p = -6 - -1. Let m be (-2 + -3*2)*(2 + -1). Let n = p - m. What is the units digit of n?
3
Let l(c) = c**3 + 6*c**2 + c + 1. Let q be l(-5). Suppose -4*n + q = 2*x - 7*n, -x - 4*n + 38 = 0. What is the tens digit of x?
1
Let k(n) = 2*n + 2. Let x be k(-4). What is the units digit of x/21 - (-79)/7?
1
Suppose -1185 = -3*r - 12*r. What is the tens digit of r?
7
Suppose -3*i + p + 12 = 0, -i + 9*p - 4*p = -18. Suppose 0 = -s - v + 5, -i*v + 4*v = 3*s - 3. What is the units digit of s?
2
Let t = 4 + 7. What is the tens digit of t?
1
Suppose -4*j + 450 = -2*s, 9*j = 10*j - 4*s - 123. What is the tens digit of j?
1
Let l(p) = p**2 - 4*p + 1. What is the units digit of l(4)?
1
Let y(f) = 26*f + 4. Let o(l) = l - 1. Let h(q) = 3*o(q) + y(q). Let p be h(1). Let j = -20 + p. What is the tens digit of j?
1
Suppose 0 = 4*d - 2*c - 28, 3*c + 30 = 5*d - 2*c. What is the units digit of d + 0 - (-6)/(-2)?
5
Let i = 104 - 74. What is the units digit of i?
0
Suppose 2*b = -3 - 3. What is the units digit of (3/b)/(2/(-8))?
4
Let l = 4 + -2. Let c be (-1)/(-2) + (-1)/l. Suppose -6 = -3*m - c*m. What is the units digit of m?
2
Suppose 3*f + 48 = 4*n - 75, -2*n = 2*f - 44. What is the tens digit of n?
2
Let s(m) = 2*m**3 - 7*m**2 - 2*m - 6. What is the tens digit of s(6)?
6
Let i(j) = j**2 + 16*j + 11. What is the units digit of i(-17)?
8
Let i = 319 - 182. What is the hundreds digit of i?
1
Suppose 5*y = 2 + 8. Suppose -f = -2*q - 3*q - 30, f - 31 = 4*q. Suppose -11 + f = y*b. What is the tens digit of b?
1
Let x = 11 + -10. What is the units digit of x?
1
Suppose 4*m + 129 = 3*g - 373, -m = -5. What is the tens digit of g?
7
Let r = -49 - -87. What is the tens digit of r?
3
Let o = -37 - -70. What is the units digit of o?
3
Suppose 2*c - 42 = -3*p, p + 3*p = -c + 21. What is the units digit of c?
1
What is the hundreds digit of (-290)/(-4)*(0 + 2)?
1
Let l(n) = 3*n - 7. Let m be l(-5). Let t = 33 + m. What is the tens digit of t?
1
Let k(x) = -x**3 + 11*x**2 - 10*x + 12. Let s be k(10). What is the units digit of (s/8)/((-9)/(-204))?
4
Let z = -16 + 11. Let u = z - -12. Let k = 15 - u. What is the units digit of k?
8
Suppose -2*i - 4 = 2. Let v be (1/3)/((-1)/i). Let w = v - -1. What is the units digit of w?
2
Let x = -17 - -43. What is the units digit of x?
6
Suppose 2*q - q - 46 = 0. What is the tens digit of q?
4
Suppose h - 362 = -2*f, -2*h + 2*f = -4*h + 724. What is the tens digit of h?
6
Let o(v) = -44*v + 5. What is the tens digit of o(-5)?
2
Suppose -12 = -2*d - 5*m, -2*d + 13 + 7 = 3*m. Suppose -4*o - d = 0, -5*g + 73 + 95 = 3*o. Suppose r + 3*r = g. What is the units digit of r?
9
Suppose 0*d = -3*d. Suppose -2*t + 5*s + 10 = d, 3*s - 3 = -3*t + 6*t. What is the units digit of (1 - (-2)/(-1))*t?
5
Suppose -427 = -13*p + 6*p. What is the tens digit of p?
6
Let p = -4 + 11. What is the units digit of p?
7
Let j(d) = -4*d + 3 - 11*d - 1 - d**2. What is the units digit of j(-11)?
6
Let g(r) = -r**3 - 9*r**2 - 9*r - 10. Let p be g(-8). What is the units digit of (-220)/77*7/p?
0
Suppose -i - 6 = -z, z - 5*z + 18 = -2*i. Suppose 3*n = -n + 44. Let d = i + n. What is the units digit of d?
8
Let j = -13 - -18. Suppose -3*f - 26 = 4*p - 62, -p + 60 = j*f. What is the units digit of f?
2
Suppose 6*b - 162 = 3*b. Let j = 75 - b. Suppose 4*y - j = y. What is the units digit of y?
7
Let k(i) = 2*i + 11. What is the units digit of k(0)?
1
Let i(q) = -2*q - 1. Let j be i(-1). Let b(c) = 0 + c + 5*c - 4*c + 10*c**3 - c**2 - 1. What is the tens digit of b(j)?
1
Suppose 0 = f - 6*f - 2*w + 2, -5*f - 5*w + 5 = 0. Let i be -8*(-1)/1 - f. Let r = i - 3. What is the units digit of r?
5
Suppose 5*f - 2*f = 9. Suppose a = -f*a + 28. What is the units digit of a?
7
Suppose -3*g = -w - g + 196, 3*w - 4*g = 580. What is the units digit of w?
8
Let n(a) = 0*a**2 + 9*a + 2*a - 4*a - a**2 + 10. Let i be n(7). Suppose 0 = t - i - 10. What is the tens digit of t?
2
What is the units digit of 6*1/2 + 19*2?
1
Let j(t) = t**2 + 13*t - 1. Suppose -4*x - 7 = 53. What is the tens digit of j(x)?
2
Let r(q) = -q**3 + q**2 + q + 6. Let y be r(0). Let b be 4/y + 79/3. Suppose -4*h + b - 3 = 0. What is the units digit of h?
6
Suppose 4*r + 0*b = -2*b, -3*r = -2*b - 14. What is the tens digit of 528/18*3/r?
4
Let w = 275 + -167. What is the tens digit of w?
0
Let l = -19 - -22. Let w(z) = 3*z**2 - z - 3. Let x(r) = 4*r**2 - r - 4. Let a(p) = 3*w(p) - 2*x(p). What is the units digit of a(l)?
5
Let t be 9/12 + 9/4. Let j(a) = a - 1. Let f be j(3). Suppose t*k = f*p - 5, -3*p + 3*k + 0 + 6 = 0. What is the units digit of p?
1
Suppose -3*m = d - 10, 5*d + 1 = 3*m + 